{"id":180,"date":"2020-12-23T20:29:14","date_gmt":"2020-12-23T20:29:14","guid":{"rendered":"https:\/\/montessorinaturalwood.com\/?post_type=product&#038;p=180"},"modified":"2025-03-25T03:35:14","modified_gmt":"2025-03-25T03:35:14","slug":"cubo-pikler","status":"publish","type":"product","link":"https:\/\/montessorinaturalwood.com\/?product=cubo-pikler","title":{"rendered":"Cubo de inspiraci\u00f3n Pikler"},"content":{"rendered":"<p>El cubo de gateo est\u00e1 inspirado en la pedagog\u00eda de Emmi Pikler, que fomenta el desarrollo motor a trav\u00e9s del movimiento libre.<\/p>\n<p>Est\u00e1 realizado con madera maciza de pino y acabado (opcional) con barniz ecol\u00f3gico al agua sin toxicos.<\/p>\n","protected":false},"excerpt":{"rendered":"<p>El cubo de gateo est\u00e1 inspirado en la pedagog\u00eda de Emmi Pikler, que fomenta el desarrollo motor a trav\u00e9s del movimiento libre. Est\u00e1 realizado con madera maciza de pino y acabado (opcional) con barniz ecol\u00f3gico al agua sin toxicos.<\/p>\n","protected":false},"featured_media":189,"comment_status":"open","ping_status":"closed","template":"","meta":[],"product_cat":[18],"product_tag":[],"_links":{"self":[{"href":"https:\/\/montessorinaturalwood.com\/index.php?rest_route=\/wp\/v2\/product\/180"}],"collection":[{"href":"https:\/\/montessorinaturalwood.com\/index.php?rest_route=\/wp\/v2\/product"}],"about":[{"href":"https:\/\/montessorinaturalwood.com\/index.php?rest_route=\/wp\/v2\/types\/product"}],"replies":[{"embeddable":true,"href":"https:\/\/montessorinaturalwood.com\/index.php?rest_route=%2Fwp%2Fv2%2Fcomments&post=180"}],"wp:featuredmedia":[{"embeddable":true,"href":"https:\/\/montessorinaturalwood.com\/index.php?rest_route=\/wp\/v2\/media\/189"}],"wp:attachment":[{"href":"https:\/\/montessorinaturalwood.com\/index.php?rest_route=%2Fwp%2Fv2%2Fmedia&parent=180"}],"wp:term":[{"taxonomy":"product_cat","embeddable":true,"href":"https:\/\/montessorinaturalwood.com\/index.php?rest_route=%2Fwp%2Fv2%2Fproduct_cat&post=180"},{"taxonomy":"product_tag","embeddable":true,"href":"https:\/\/montessorinaturalwood.com\/index.php?rest_route=%2Fwp%2Fv2%2Fproduct_tag&post=180"}],"curies":[{"name":"wp","href":"https:\/\/api.w.org\/{rel}","templated":true}]}}